igit of 4*52/(2 - -2)?
5
Let x(y) = -y**2 + 3*y. Let h be x(3). Suppose -64 = -5*j - 3*t - h, -5*j + 46 = -3*t. What is the tens digit of j?
1
Let o(r) = -4*r - 6. Let w be o(-4). What is the units digit of (6/w)/((-3)/(-15))?
3
Let l(d) = d**3 + 6*d**2 - 7*d. Let f be l(-7). Let r(h) = h + 6. What is the units digit of r(f)?
6
Suppose -3*x = -3*y - 0*y, -3*y = x + 12. What is the units digit of 89/3 - 4/y?
1
Let t(y) = -y**3 + 9*y**2 - 6*y + 6. Let d be t(8). Let a = -11 + d. What is the tens digit of a?
1
Let v(w) = -w**2 + w - 11. Let z be v(0). Let y(d) = -d**3 - 12*d**2 - 13*d + 9. Let l be y(z). Suppose 5*g - l = 44. What is the units digit of g?
5
Let c = 13 + -10. Suppose -c*r = 15, -2*l = 4*r + 3 + 11. What is the units digit of l?
3
Let t be (0 + -1)/((-1)/24). Suppose -31 = -5*h + t. Suppose 4*j = -4*w + 20, j + h = -w - 4*w. What is the units digit of j?
9
Let o be (1 - -129)*2/4. Suppose -o = -2*u - 3*u. What is the tens digit of u?
1
Let d = -59 + 87. What is the tens digit of d?
2
What is the tens digit of 3060/81 - (1 + (-11)/9)?
3
Let m(f) = -f**3 + 8*f**2 + f + 10. Let t be m(8). Let u be (-12)/t - (-2)/3. Suppose 3*i - 13 = -3*c + 5*i, u = -i + 1. What is the units digit of c?
5
Suppose -2*v = v - 270. Suppose m = -2*m + v. Suppose 2*h - m = -h. What is the tens digit of h?
1
Suppose 0 = 3*t + 5*a + 98, -t - 44 = -0*t - 4*a. Let c = t - -67. What is the units digit of c?
1
Suppose 0 = -4*f - 2*m + 374, -4*m - 107 = -9*f + 8*f. What is the tens digit of f?
9
Suppose 5*h = -2*m + 64, 3*h + 2*m - 4*m - 32 = 0. Suppose 5*b = -2*k + 58, -k = -2*b + k + h. What is the tens digit of b?
1
What is the tens digit of (-98)/(-2) + -4 + (-10)/(-5)?
4
Let y(g) = g**3 - 8*g**2 - 10*g + 12. Let d = -11 - -20. What is the units digit of y(d)?
3
Let z be 1 + -1 + 2 + -1. Suppose -4 - z = -k. Let y = -3 + k. What is the units digit of y?
2
Suppose 5*q = -4*l + 14, -4*q + 7*l + 40 = 3*l. Let f be 2/(-4) - (-33)/q. Suppose -11 = -f*t + 4. What is the units digit of t?
3
Let z = -127 - -186. What is the units digit of z?
9
Suppose -v - 33 = 75. What is the units digit of (-24)/v + 122/18?
7
Let a(n) = -n**2 + 8*n - 3. What is the units digit of a(6)?
9
Let q(f) = f**3 - 3*f**2 - 3*f - 3. Let x be q(4). Let w = x + 2. Let g = w + -2. What is the units digit of g?
1
Let f(z) = -z**2 - 10*z - 11. Let t be f(-9). What is the units digit of ((-7)/1)/(-3 - t)?
7
Suppose -7*v + 2*h = -3*v - 120, -120 = -4*v - 2*h. Let w be 63/(-105) + (-13)/(-5). Suppose -v = -w*c - c. What is the units digit of c?
0
Let g be -6*1*(-68)/(-12). What is the units digit of (g/(-4))/((-3)/(-6))?
7
Suppose i - 68 = -j, j = 4*i + 4*j - 271. What is the units digit of i?
7
Let f(a) = 10*a**3 + a**2 + 12*a - 6. What is the hundreds digit of f(3)?
3
Let d = -6 + -1. Let h(w) = -w. What is the units digit of h(d)?
7
Let p(u) = u**3 + 4*u**2 + 2*u + 3. Let z be p(-3). Let o = z - -3. What is the units digit of o?
9
Suppose -3*b + 7*b = 16. What is the units digit of (31/b)/((-4)/(-16))?
1
Let j = 20 - 20. Let d be 0 - (2 + -3 + -1). Suppose a + 3 = j, -4*z + d*a - 5*a = -27. What is the units digit of z?
9
Suppose -s + 48 = 2*h, 4*s - 177 = -0*s - 5*h. What is the units digit of s?
8
Let x be 8/(-6)*6/(-4). Suppose -x*z + 7 = 3. What is the units digit of z?
2
Suppose -2*m + 5*m - 12 = 0. Let z = 23 + -15. Suppose 4*a = 4*q - 4, a - m*q = -2 - z. What is the units digit of a?
2
Let h = -3 - -5. Suppose 5 = -x + h*x, -n - x = -7. Suppose -15 = -n*o + 5. What is the units digit of o?
0
Suppose -5*l - 62 = 68. Let w(a) = 8*a + 11. Let z be w(-7). Let h = l - z. What is the units digit of h?
9
Suppose 4*u = -16 + 4. What is the units digit of 0 + 12*(-2)/u?
8
Suppose 0 = 3*s + 4*i - 1, 5 = -s + 4*i. What is the tens digit of 1*(52 - s) - 3?
5
Let t be (28/(-16))/((-1)/8). Suppose r + r = t. What is the units digit of r?
7
Suppose -50*z + 225 = -45*z. What is the units digit of z?
5
Let v(f) = -f**2 + f + 2. Let u be v(0). Suppose -u*s = 2*g + 1 - 3, s - 4*g + 4 = 0. Suppose 0 = x - s*x - 8. What is the units digit of x?
8
Let h = -11 + 12. Let n be (-87)/(-2) + h/2. Let a = n - 23. What is the units digit of a?
1
Let q = -66 + 130. What is the units digit of q?
4
Let y be (-12)/30 - 32/(-5). Suppose 2*f = f + c + y, c - 27 = -2*f. What is the units digit of f?
1
Let p be 528/20 + 4/(-10). Let u = p - 12. What is the units digit of u?
4
Let m = 263 + -182. What is the units digit of m?
1
Suppose -5*c + h = -128, 5*c - 6*c - 4*h + 34 = 0. Suppose t + c = 4*y - 88, -3*y + 2*t + 83 = 0. What is the units digit of y?
9
Let v be (20/6)/((-10)/(-15)). Suppose -3 = v*p + 2. What is the units digit of p + 8 - (5 + -5)?
7
Suppose 0 = 2*o - o + 3. Let x = o - -7. Suppose 1 = -x*i + 5. What is the units digit of i?
1
Suppose 0 = 3*m - 220 + 43. What is the units digit of m?
9
Suppose 2*t = -4*r + 556, -6*r = -3*t - 3*r + 825. What is the hundreds digit of t?
2
Let g(c) = -c**2 - 26*c + 4. What is the hundreds digit of g(-8)?
1
Let y be 9 + -10 - (1 - 1). Let t be y*1*0/(-4). Suppose t = -z - 8 + 25. What is the tens digit of z?
1
Let l be (2 - (5 - 2))*0. Suppose -3*o - 24 = -f + o, l = 5*f - 2*o - 30. Let q = 5 - f. What is the units digit of q?
1
Suppose 82*j + 10 = 83*j. What is the units digit of j?
0
What is the units digit of (-1)/(-6) + 398*15/36?
6
Let x(g) = -g**2 + g - 48. Let f be x(0). Let y be f + (0/(-3))/(-2). What is the units digit of y/(-18) + 2/(-3)?
2
Let r(k) be the second derivative of k**5/20 - k**4/6 - k**3/3 - 5*k. What is the units digit of r(4)?
4
Let n(m) be the second derivative of -m**3/6 + 3*m**2/2 - m. Let p be n(3). Let f = p + 9. What is the units digit of f?
9
Suppose 2*x - 5 = -3*y, -5*y = -0*y - x - 4. Let k = 6 + y. Suppose -4*w = -k*w + 6. What is the units digit of w?
2
Let r(y) = -y**2 - 6*y - 1. Let v be r(-5). Suppose -m = v*m. Suppose -2*i + 6*h - h + 18 = 0, 2*i + 4*h = m. What is the units digit of i?
4
Suppose 4*m + 5*f = 4, -16 = -0*m - 2*m + f. Suppose m*a = -0*a + 234. What is the tens digit of a?
3
Let a = -38 + 148. What is the hundreds digit of a?
1
Let h(n) = 3*n**2 + 3*n - 3. Let t be (-18)/7 - (-21)/(-49). What is the units digit of h(t)?
5
Let u = 7 + -12. Let z = u + 12. What is the units digit of z?
7
Let k = 74 + -47. What is the tens digit of k?
2
Let l = -165 - -240. What is the tens digit of l?
7
Let z(n) = n**3 - 14*n**2 + 16*n - 19. What is the units digit of z(13)?
0
Let l = -1 + 10. Let z = l - -36. Suppose 0 = 3*u + 2*u - z. What is the units digit of u?
9
Let y(x) = -x**3 + 10*x**2 - 15*x + 1. What is the units digit of y(6)?
5
Suppose -2*g + 5*b = 4*b - 299, 0 = g + 4*b - 127. What is the hundreds digit of g?
1
Suppose c + r = 6*r - 17, 3 = 5*c - 3*r. What is the units digit of c?
3
Let s(b) = b**2 - 9*b + 12. Let q(u) = -2*u - 6 + 0*u**2 - 3*u**2 + 5 + 10*u**2. Let v be q(-1). What is the units digit of s(v)?
4
Suppose 2*h = -3*y, 0 = y - 7*h + 3*h. Let t(l) = -l**2 - l + 14. Let i be t(y). Suppose 4*q = 3*p + i, -4*q + 12 = -0*p - 4*p. What is the units digit of p?
2
Suppose -3*o = -0*o + 39. Let p = o + 24. What is the tens digit of p?
1
Let u be 0/(-3 - 2*-1). Let o be ((-3)/(-4) + u)*20. Suppose -1 - o = -2*z. What is the units digit of z?
8
Let s(m) = -m**3 + 12*m**2 - 6*m - 9. What is the units digit of s(10)?
1
Suppose 0 = 3*z + 3*k, 0*z - 5*z = -5*k + 30. Let d = 5 + z. What is the units digit of (1 - (0 + d))*-10?
0
Let o = -7 + 10. What is the units digit of o?
3
Let y = -22 - -23. What is the units digit of y?
1
Let p = -15 - -9. Let y(t) = t + 11. What is the units digit of y(p)?
5
Let d = 192 + -125. What is the units digit of d?
7
Suppose -x = -5*v + 16, -5*v + 4*x + 2 = -2. Let f(n) = 2*n - 5 - 3*n + n**2 + 0*n. What is the units digit of f(v)?
7
Suppose 4*x + 13 = -5*t, t = -x - 0*t - 2. Suppose -k - 264 = -x*k. What is the units digit of k/9 - (-4)/(-6)?
4
Let w(a) = -a**3 - 14*a**2 - a - 14. Let v be w(-14). What is the units digit of (0 - v) + -4 + 40?
6
Let x(p) = 2*p - 9. What is the units digit of x(8)?
7
Suppose 7*h + 144 = 9*h. What is the tens digit of h?
7
Suppose -n = -0*n - 10. Let i(k) = -2*k - k**2 + 2 + 4 + n*k + 0*k**2. What is the units digit of i(8)?
6
Let c be 7/3 + 1/(-3). Let d = -10 +